?
213
In base 3, what is 21 + -1202202?
-1202111
In base 11, what is 82 + -472?
-3a0
In base 5, what is -2314 - -10432?
3113
In base 16, what is -20 + edb?
ebb
In base 13, what is -809c1 + -1?
-809c2
In base 8, what is -14526 + 1?
-14525
In base 4, what is -13333 - 231133?
-311132
In base 13, what is 3 + 6341b?
63421
In base 14, what is -2662 - -d?
-2653
In base 13, what is 1999 + -14?
1985
In base 2, what is 111111 - -101010100010?
101011100001
In base 2, what is -11001 - -10100011011000?
10100010111111
In base 16, what is e3 - 1d?
c6
In base 5, what is 41 - 1432242?
-1432201
In base 12, what is -8a + -15749?
-15817
In base 10, what is 4294 - 90?
4204
In base 8, what is -4014 - -1152?
-2642
In base 2, what is -1011000110 + -10111100010110?
-11000111011100
In base 15, what is -1987 - -4?
-1983
In base 10, what is 468 + -729?
-261
In base 16, what is -17db - 7?
-17e2
In base 3, what is 12000210 + 10?
12000220
In base 5, what is -134041221 - 4?
-134041230
In base 15, what is 1 - 12106?
-12105
In base 16, what is -1 + -1755a?
-1755b
In base 4, what is 322222 + 10?
322232
In base 16, what is -37d8 - 8?
-37e0
In base 12, what is -155ab - 2?
-155b1
In base 13, what is -42439 - -4?
-42435
In base 13, what is -26 - -1182?
1159
In base 4, what is 122103132 - -310?
122110102
In base 8, what is 3 - -43711?
43714
In base 7, what is 1 + 201521?
201522
In base 4, what is -12222 + -11233?
-30121
In base 6, what is -132024 - -302?
-131322
In base 16, what is b8 + -87f?
-7c7
In base 4, what is -3 + -331232323?
-331232332
In base 16, what is -5 + -d09ec?
-d09f1
In base 3, what is 1 - 222101001?
-222101000
In base 8, what is 15 + -13277?
-13262
In base 4, what is -1 - 12332123?
-12332130
In base 15, what is 95d + -ad?
8a0
In base 6, what is 115052 + -5?
115043
In base 9, what is -2336 + -383?
-2730
In base 6, what is 134222 + 1?
134223
In base 11, what is 1875 - 89?
1797
In base 7, what is -5 + 1331246?
1331241
In base 11, what is 174 + -3?
171
In base 6, what is 121231132 + 4?
121231140
In base 13, what is 10c365 - -6?
10c36b
In base 15, what is 16b1 + 1c?
16cd
In base 5, what is -2332 + -423?
-3310
In base 5, what is -14311241 - -3?
-14311233
In base 14, what is -60b2 + 0?
-60b2
In base 7, what is 32535 - -4?
32542
In base 4, what is -23 + -10220?
-10303
In base 9, what is 22458 - -3?
22462
In base 9, what is 0 - -2283532?
2283532
In base 2, what is 0 + -10011001000010?
-10011001000010
In base 7, what is -411 - 11113?
-11524
In base 7, what is 316 + 12264?
12613
In base 9, what is -11106 - 22?
-11128
In base 9, what is 2 - 101875?
-101873
In base 4, what is -13013230 - 2?
-13013232
In base 12, what is -b23 - 4b5?
-1418
In base 6, what is -135 - 30423?
-31002
In base 9, what is -2 + 50136?
50134
In base 5, what is 201 - 143422?
-143221
In base 3, what is 11 + 10011011001?
10011011012
In base 11, what is 1 + 1a915?
1a916
In base 3, what is 2 - -220012221200?
220012221202
In base 14, what is 3576 + 5?
357b
In base 14, what is -c + -2cb7c?
-2cb8a
In base 9, what is 145480 + -4?
145475
In base 11, what is 4 + 108010?
108014
In base 10, what is 3 + -98520?
-98517
In base 9, what is -13845 + -171?
-14126
In base 3, what is 2022020 - 221100?
1100220
In base 7, what is -3 - 2611464?
-2611500
In base 16, what is -f8a98 - 5?
-f8a9d
In base 2, what is -11 + 1101000001001?
1101000000110
In base 16, what is 16 - 3178?
-3162
In base 16, what is 1a342 - -3?
1a345
In base 9, what is -2 + 6613?
6611
In base 14, what is 20d9d - -5?
20da4
In base 10, what is -39374 - 0?
-39374
In base 16, what is 57dff9 - 5?
57dff4
In base 7, what is -120 + 4212?
4062
In base 3, what is 1102 - 1120022122?
-1120021020
In base 11, what is -152326 + -2?
-152328
In base 14, what is -18 - -b9d7?
b9bd
In base 4, what is -32031311 + 10?
-32031301
In base 7, what is 135 + 4015?
4153
In base 9, what is -2 - 350616?
-350618
In base 6, what is 152324 + -5?
152315
In base 12, what is -269780 + -2?
-269782
In base 15, what is -3 - 1ee4e?
-1ee52
In base 15, what is -9b + -10e?
-1aa
In base 13, what is -649 + -649?
-c95
In base 8, what is 1513 - -244?
1757
In base 4, what is -21002 - -100230?
13222
In base 10, what is -3154 - 9?
-3163
In base 5, what is 112023011 + 10?
112023021
In base 12, what is 0 + 6042?
6042
In base 14, what is -a - -1a54?
1a48
In base 16, what is -21 - -2730?
270f
In base 6, what is -25200 + 10?
-25150
In base 8, what is -111413 - 2?
-111415
In base 16, what is -1 + -2cfac?
-2cfad
In base 11, what is -92 - -41?
-51
In base 16, what is 20 + -1159?
-1139
In base 6, what is 5 - -30544?
30553
In base 11, what is 5 - 55349?
-55344
In base 15, what is -3 + 37d?
37a
In base 3, what is 211021020020 - 12?
211021020001
In base 11, what is -6414 + 27?
-6398
In base 11, what is 390 + -420?
-40
In base 15, what is c5 - 144?
-6e
In base 10, what is 3201 + 51?
3252
In base 5, what is -440112 - 2432?
-443044
In base 4, what is -21210 + -1021?
-22231
In base 5, what is 130021 + 134?
130210
In base 5, what is -11440 - 210?
-12200
In base 13, what is 5cb - -aa0?
139b
In base 14, what is -7c6617 - -3?
-7c6614
In base 5, what is 0 - 31133420?
-31133420
In base 12, what is b5b7 - 11?
b5a6
In base 12, what is 27a + -10?
26a
In base 11, what is 610 - 2322?
-1812
In base 13, what is -31a10 - -2?
-31a0b
In base 3, what is 1110 + 2110200?
2112010
In base 9, what is 50161 - -4?
50165
In base 15, what is -3 + 719e8?
719e5
In base 9, what is 2 - -814104?
814106
In base 6, what is -34305 + -3?
-34312
In base 12, what is -114 + -36?
-14a
In base 7, what is 13311321 - 3?
13311315
In base 8, what is 1 - -52460?
52461
In base 4, what is 233 + 10013003?
10013302
In base 12, what is 32b90 - 3?
32b89
In base 6, what is 2 - -20103122?
20103124
In base 10, what is 470 + -2323?
-1853
In base 3, what is -12 + -1110220021?
-1110220110
In base 10, what is -140 + 669?
529
In base 11, what is -2 + 21a413?
21a411
In base 14, what is -c + -70d?
-71b
In base 9, what is -31 + 16260?
16228
In base 15, what is -2ee8 + bd?
-2e2a
In base 15, what is -2 - -18e4?
18e2
In base 4, what is -2011000 - -2?
-2010332
In base 5, what is -30 + -11203?
-11233
In base 2, what is -1101000 + -100100100?
-110001100
In base 14, what is 5 - -4121?
4126
In base 15, what is 18 - 828c?
-8274
In base 15, what is 2 - -1429a?
1429c
In base 15, what is aa + 7c1?
87b
In base 6, what is 3 + -1245341?
-1245334
In base 5, what is 1421 - -111?
2032
In base 8, what is -4627 + -600?
-5427
In base 4, what is 11003112 - -3?
11003121
In base 13, what is 6a - 49a?
-430
In base 12, what is -8004 - -3?
-8001
In base 11, what is 99095 - -3?
99098
In base 11, what is 23303 - 2?
23301
In base 14, what is -499a - c?
-49a8
In base 3, what is 1 + -2122112200?
-2122112122
In base 5, what is 341220 + 23?
341243
In base 4, what is 1200 + 133133?
200333
In base 8, what is -547611 + 2?
-547607
In base 8, what is 12 - -1412772?
1413004
In base 3, what is 1010022011 + -11?
1010022000
In base 13, what is -1c15 - -2?
-1c13
In base 5, what is 222104 - -14?
222123
In base 6, what is -2051 + -22220?
-24311
In base 2, what is 101000111111 - 1110110?
100111001001
In base 12, what is -a8 - -1a1?
b5
In base 2, what is -111011 - 100011010?
-101010101
In base 3, what is 1101120 + 110?
1102000
In base 9, what is 1362 + 10?
1372
In base 5, what is 24034 - 124?
23410
In base 5, what is -3222423 - 0?
-3222423
In base 2, what is -11001010000 - -10010000?
-10111000000
In base 14, what is 2079 + -2?
2077
In base 10, what is 46678 - 1?
46677
In base 13, what is -22 + -517?
-539
In base 12, what is -35 - 607?
-640
In base 5, what is -3004 - 22012?
-30021
In base 13, what is -2737c - -3?
-27379
In base 3, what is -221120101 + 1?
-221120100
In base 10, what is -109047 + -2?
-109049
In base 7, what is 3 + -512216?
-512213
In base 11, what is 8 - -153?
160
In base 11, what is 1 + -8a560?
-8a55a
In base 15, what is -9a + -2e?
-c9
In base 8, what is 263262 - 15?
263245
In base 9, what is -5 - 767353?
-767358
In base 6, what is 14552405 + 3?
14552412
In base 5, what is -1 - -42102?
42101
In base 8, what is -372112 - 0?
-372112
In base 15, what is 6 + 31a?
321
In base 13, what is -1 - 34408?
-34409
In base 8, what is 66 + -4526?
-4440
In base 5, what is -201 + -1224240?
-1224441
In base 14, what is 21 - 1584?
-156